{"id":1357,"date":"2016-12-28T13:49:41","date_gmt":"2016-12-28T11:49:41","guid":{"rendered":"http:\/\/vrteckonjice.splet.arnes.si\/?page_id=1357"},"modified":"2025-09-28T22:02:52","modified_gmt":"2025-09-28T20:02:52","slug":"1zgodovina-vrtca","status":"publish","type":"page","link":"https:\/\/vrteckonjice.splet.arnes.si\/?page_id=1357","title":{"rendered":"1zgodovina vrtca"},"content":{"rendered":"<p>[et_pb_section fb_built=&#8221;1&#8243; custom_padding_last_edited=&#8221;on|desktop&#8221; admin_label=&#8221;section&#8221; _builder_version=&#8221;4.27.4&#8243; background_color=&#8221;rgba(255,255,255,0)&#8221; background_image=&#8221;https:\/\/vrteckonjice.splet.arnes.si\/files\/2022\/03\/o-DANDELION-facebookN-1920&#215;960-1.jpg&#8221; parallax=&#8221;on&#8221; parallax_method=&#8221;off&#8221; custom_padding_tablet=&#8221;50px|0|50px|0&#8243; custom_padding_phone=&#8221;50px|0|50px|0&#8243; hover_enabled=&#8221;0&#8243; transparent_background=&#8221;on&#8221; padding_mobile=&#8221;off&#8221; make_fullwidth=&#8221;off&#8221; use_custom_width=&#8221;off&#8221; width_unit=&#8221;on&#8221; global_colors_info=&#8221;{}&#8221; title_text=&#8221;o-DANDELION-facebookN-1920&#215;960&#8243; sticky_enabled=&#8221;0&#8243;][et_pb_row admin_label=&#8221;row&#8221; _builder_version=&#8221;4.16&#8243; background_size=&#8221;initial&#8221; background_position=&#8221;top_left&#8221; background_repeat=&#8221;repeat&#8221; hover_enabled=&#8221;0&#8243; global_colors_info=&#8221;{}&#8221; sticky_enabled=&#8221;0&#8243;][et_pb_column type=&#8221;4_4&#8243; _builder_version=&#8221;4.16&#8243; custom_padding=&#8221;|||&#8221; global_colors_info=&#8221;{}&#8221; custom_padding__hover=&#8221;|||&#8221;][et_pb_toggle title=&#8221;ZGODOVINA VRTCA&#8221; open=&#8221;on&#8221; open_toggle_background_color=&#8221;rgba(255,255,255,0.82)&#8221; admin_label=&#8221;Toggle&#8221; _builder_version=&#8221;4.27.4&#8243; title_font_size=&#8221;21&#8243; body_font_size=&#8221;20&#8243; background_size=&#8221;initial&#8221; background_position=&#8221;top_left&#8221; background_repeat=&#8221;repeat&#8221; hover_enabled=&#8221;0&#8243; use_border_color=&#8221;off&#8221; border_color=&#8221;#ffffff&#8221; border_style=&#8221;solid&#8221; global_colors_info=&#8221;{}&#8221; sticky_enabled=&#8221;0&#8243;]<\/p>\n<p>Vrtec Slovenske Konjice od septembra 2025 vodi v. d. ravnateljice Simona \u017divec. Pred njo so ustanovo vodili ravnatelj Toma\u017e Popovi\u0107 in ravnateljice Danijela \u0160uc, Marija Primo\u017ei\u010d, Pavla Zdovc in Mara Tuco.<\/p>\n<p><span style=\"color: #474747\">Trenutno se na dveh enotah vrtca izvajajo gradbena dela na naslednjih lokacijah:<\/span><\/p>\n<p><span style=\"color: #474747\">Enota Prevrat: izgradnja novega vratca in sanacija obstoje\u010dega vrtca,<\/span><\/p>\n<p><span style=\"color: #474747\">Enota Lo\u010de: izgradnja novega vrtca.<\/span><\/p>\n<p>&nbsp;<\/p>\n<p>&nbsp;<\/p>\n<p>&nbsp;<\/p>\n<p>&nbsp;<\/p>\n<p>[\/et_pb_toggle][\/et_pb_column][\/et_pb_row][\/et_pb_section]<\/p>\n","protected":false},"excerpt":{"rendered":"<p>Vrtec Slovenske Konjice od septembra 2025 vodi v. d. ravnateljice Simona \u017divec. Pred njo so ustanovo vodili ravnatelj Toma\u017e Popovi\u0107 in ravnateljice Danijela \u0160uc, Marija Primo\u017ei\u010d, Pavla Zdovc in Mara Tuco. Trenutno se na dveh enotah vrtca izvajajo gradbena dela na naslednjih lokacijah: Enota Prevrat: izgradnja novega vratca in sanacija obstoje\u010dega vrtca, Enota Lo\u010de: izgradnja [&hellip;]<\/p>\n","protected":false},"author":3129,"featured_media":0,"parent":1349,"menu_order":0,"comment_status":"closed","ping_status":"open","template":"","meta":{"_et_pb_use_builder":"on","_et_pb_old_content":"","_et_gb_content_width":"","ngg_post_thumbnail":0,"footnotes":""},"class_list":["post-1357","page","type-page","status-publish","hentry"],"_links":{"self":[{"href":"https:\/\/vrteckonjice.splet.arnes.si\/index.php?rest_route=\/wp\/v2\/pages\/1357","targetHints":{"allow":["GET"]}}],"collection":[{"href":"https:\/\/vrteckonjice.splet.arnes.si\/index.php?rest_route=\/wp\/v2\/pages"}],"about":[{"href":"https:\/\/vrteckonjice.splet.arnes.si\/index.php?rest_route=\/wp\/v2\/types\/page"}],"author":[{"embeddable":true,"href":"https:\/\/vrteckonjice.splet.arnes.si\/index.php?rest_route=\/wp\/v2\/users\/3129"}],"replies":[{"embeddable":true,"href":"https:\/\/vrteckonjice.splet.arnes.si\/index.php?rest_route=%2Fwp%2Fv2%2Fcomments&post=1357"}],"version-history":[{"count":7,"href":"https:\/\/vrteckonjice.splet.arnes.si\/index.php?rest_route=\/wp\/v2\/pages\/1357\/revisions"}],"predecessor-version":[{"id":11897,"href":"https:\/\/vrteckonjice.splet.arnes.si\/index.php?rest_route=\/wp\/v2\/pages\/1357\/revisions\/11897"}],"up":[{"embeddable":true,"href":"https:\/\/vrteckonjice.splet.arnes.si\/index.php?rest_route=\/wp\/v2\/pages\/1349"}],"wp:attachment":[{"href":"https:\/\/vrteckonjice.splet.arnes.si\/index.php?rest_route=%2Fwp%2Fv2%2Fmedia&parent=1357"}],"curies":[{"name":"wp","href":"https:\/\/api.w.org\/{rel}","templated":true}]}}

<p>[et_pb_section fb_built=&#8221;1&#8243; custom_padding_last_edited=&#8221;on|desktop&#8221; admin_label=&#8221;section&#8221; _builder_version=&#8221;4.27.4&#8243; background_color=&#8221;rgba(255,255,255,0)&#8221; background_image=&#8221;https://vrteckonjice.splet.arnes.si/files/2022/03/o-DANDELION-facebookN-1920&#215;960-1.jpg&#8221; parallax=&#8221;on&#8221; parallax_method=&#8221;off&#8221; custom_padding_tablet=&#8221;50px|0|50px|0&#8243; custom_padding_phone=&#8221;50px|0|50px|0&#8243; hover_enabled=&#8221;0&#8243; transparent_background=&#8221;on&#8221; padding_mobile=&#8221;off&#8221; make_fullwidth=&#8221;off&#8221; use_custom_width=&#8221;off&#8221; width_unit=&#8221;on&#8221; global_colors_info=&#8221;{}&#8221; title_text=&#8221;o-DANDELION-facebookN-1920&#215;960&#8243; sticky_enabled=&#8221;0&#8243;][et_pb_row admin_label=&#8221;row&#8221; _builder_version=&#8221;4.16&#8243; background_size=&#8221;initial&#8221; background_position=&#8221;top_left&#8221; background_repeat=&#8221;repeat&#8221; hover_enabled=&#8221;0&#8243; global_colors_info=&#8221;{}&#8221; sticky_enabled=&#8221;0&#8243;][et_pb_column type=&#8221;4_4&#8243; _builder_version=&#8221;4.16&#8243; custom_padding=&#8221;|||&#8221; global_colors_info=&#8221;{}&#8221; custom_padding__hover=&#8221;|||&#8221;][et_pb_toggle title=&#8221;ZGODOVINA VRTCA&#8221; open=&#8221;on&#8221; open_toggle_background_color=&#8221;rgba(255,255,255,0.82)&#8221; admin_label=&#8221;Toggle&#8221; _builder_version=&#8221;4.27.4&#8243; title_font_size=&#8221;21&#8243; body_font_size=&#8221;20&#8243; background_size=&#8221;initial&#8221; background_position=&#8221;top_left&#8221; background_repeat=&#8221;repeat&#8221; hover_enabled=&#8221;0&#8243; use_border_color=&#8221;off&#8221; border_color=&#8221;#ffffff&#8221; border_style=&#8221;solid&#8221; global_colors_info=&#8221;{}&#8221; sticky_enabled=&#8221;0&#8243;]</p>
<p>Vrtec Slovenske Konjice od septembra 2025 vodi v. d. ravnateljice Simona Živec. Pred njo so ustanovo vodili ravnatelj Tomaž Popović in ravnateljice Danijela Šuc, Marija Primožič, Pavla Zdovc in Mara Tuco.</p>
<p><span style="color: #474747">Trenutno se na dveh enotah vrtca izvajajo gradbena dela na naslednjih lokacijah:</span></p>
<p><span style="color: #474747">Enota Prevrat: izgradnja novega vratca in sanacija obstoječega vrtca,</span></p>
<p><span style="color: #474747">Enota Loče: izgradnja novega vrtca.</span></p>
<p>&nbsp;</p>
<p>&nbsp;</p>
<p>&nbsp;</p>
<p>&nbsp;</p>
<p>[/et_pb_toggle][/et_pb_column][/et_pb_row][/et_pb_section]</p>

<p>Vrtec Slovenske Konjice od septembra 2025 vodi v. d. ravnateljice Simona Živec. Pred njo so ustanovo vodili ravnatelj Tomaž Popović in ravnateljice Danijela Šuc, Marija Primožič, Pavla Zdovc in Mara Tuco. Trenutno se na dveh enotah vrtca izvajajo gradbena dela na naslednjih lokacijah: Enota Prevrat: izgradnja novega vratca in sanacija obstoječega vrtca, Enota Loče: izgradnja [&hellip;]</p>
