{"id":1402,"date":"2016-12-28T15:11:48","date_gmt":"2016-12-28T13:11:48","guid":{"rendered":"http:\/\/vrteckonjice.splet.arnes.si\/?page_id=1402"},"modified":"2025-09-02T21:37:28","modified_gmt":"2025-09-02T19:37:28","slug":"mi-in-okolje","status":"publish","type":"page","link":"https:\/\/vrteckonjice.splet.arnes.si\/?page_id=1402","title":{"rendered":"mi in okolje"},"content":{"rendered":"<p>[et_pb_section fb_built=&#8221;1&#8243; custom_padding_last_edited=&#8221;on|desktop&#8221; admin_label=&#8221;section&#8221; _builder_version=&#8221;4.16&#8243; background_image=&#8221;http:\/\/vrteckonjice.splet.arnes.si\/files\/2016\/12\/5-688&#215;1024.jpg&#8221; custom_padding_tablet=&#8221;50px|0|50px|0&#8243; transparent_background=&#8221;off&#8221; padding_mobile=&#8221;off&#8221; make_fullwidth=&#8221;off&#8221; use_custom_width=&#8221;off&#8221; width_unit=&#8221;on&#8221; global_colors_info=&#8221;{}&#8221; custom_padding_phone=&#8221;50px|0|50px|0&#8243;][et_pb_row admin_label=&#8221;row&#8221; _builder_version=&#8221;4.16&#8243; background_size=&#8221;initial&#8221; background_position=&#8221;top_left&#8221; background_repeat=&#8221;repeat&#8221; global_colors_info=&#8221;{}&#8221;][et_pb_column type=&#8221;4_4&#8243; _builder_version=&#8221;4.16&#8243; custom_padding=&#8221;|||&#8221; global_colors_info=&#8221;{}&#8221; custom_padding__hover=&#8221;|||&#8221;][et_pb_toggle title=&#8221;MI IN OKOLJE&#8221; open=&#8221;on&#8221; open_toggle_text_color=&#8221;#474747&#8243; open_toggle_background_color=&#8221;rgba(255,255,255,0.82)&#8221; admin_label=&#8221;Toggle&#8221; _builder_version=&#8221;4.27.4&#8243; title_font_size=&#8221;21&#8243; body_font_size=&#8221;20&#8243; background_size=&#8221;initial&#8221; background_position=&#8221;top_left&#8221; background_repeat=&#8221;repeat&#8221; hover_enabled=&#8221;0&#8243; use_border_color=&#8221;off&#8221; border_color=&#8221;#ffffff&#8221; border_style=&#8221;solid&#8221; global_colors_info=&#8221;{}&#8221; sticky_enabled=&#8221;0&#8243;]<\/p>\n<p><span style=\"color: #474747\">Vrtec Slovenske Konjice se v svojem delovanju povezuje tudi z drugimi ustanovami in posamezniki v o\u017ejem in \u0161ir\u0161em kraju. Zavedamo se, da s skupnim povezovanjem in dopolnjevanjem pripomoremo k bolj\u0161i in kvalitetnej\u0161i izvedbi vzgojno izobra\u017eevalnega procesa. Smo vrtec, ki svoja vrata odpira in ne zapira pred drugimi in za druge.<\/span><\/p>\n<p><span style=\"color: #474747\">Za la\u017ejo izvedbo nekaterih prireditev v vrtcu, se povezujemo tudi s posameznimi podjetji, ki nam pomagajo kot donatorji.<\/span><\/p>\n<p><span style=\"color: #474747\">V kraju sodelujemo z naslednjimi institucijami in posamezniki:<\/span><\/p>\n<p><span style=\"color: #474747\">Ob\u010dina Slovenske Konjice, TIC Slovenske Konjice, Lambrechtov dom, Slovenske Konjice, Javno komunalno podjetje, Slovenske Konjice,&nbsp; Foto Nareks, Slovenske Konjice, Osnovna \u0161ola ob Dravinji in Osnovan \u0161ola Pod Goro, Slovenske Konjice,&nbsp; Gimnazija Slovenske Konjice, VDC Slovenske Konjice&#8230;<\/span><\/p>\n<p><span style=\"color: #474747\">&nbsp;Donatorji vrtca so naslednji:<\/span><\/p>\n<p><span style=\"color: #474747\">Oplast, Tepanje<\/span><\/p>\n<p><span style=\"color: #474747\">Trenkwalder Slovenija<\/span><\/p>\n<p><span style=\"color: #474747\">Vitapur, Slovenske Konjice<\/span><\/p>\n<p><span style=\"color: #474747\">Trgovine Spar, Tu\u0161, Mercator in Hofer<\/span><\/p>\n<p><span style=\"color: #474747\">Petrol<\/span><\/p>\n<p>[\/et_pb_toggle][\/et_pb_column][\/et_pb_row][\/et_pb_section]<\/p>\n","protected":false},"excerpt":{"rendered":"<p>Vrtec Slovenske Konjice se v svojem delovanju povezuje tudi z drugimi ustanovami in posamezniki v o\u017ejem in \u0161ir\u0161em kraju. Zavedamo se, da s skupnim povezovanjem in dopolnjevanjem pripomoremo k bolj\u0161i in kvalitetnej\u0161i izvedbi vzgojno izobra\u017eevalnega procesa. Smo vrtec, ki svoja vrata odpira in ne zapira pred drugimi in za druge. Za la\u017ejo izvedbo nekaterih prireditev [&hellip;]<\/p>\n","protected":false},"author":3129,"featured_media":0,"parent":875,"menu_order":0,"comment_status":"closed","ping_status":"open","template":"","meta":{"_et_pb_use_builder":"on","_et_pb_old_content":"<p><span style=\"color: #454545;\">Vrtec Slovenske Konjice se v svojem delovanju povezuje tudi z drugimi ustanovami in posamezniki v o\u017ejem in \u0161ir\u0161em kraju. Zavedamo se, da s skupnim povezovanjem in dopolnjevanjem pripomoremo k bolj\u0161i in kvalitetnej\u0161i izvedbi vzgojno izobra\u017eevalnega procesa. Smo vrtec, ki svoja vrata odpira in ne zapira pred drugimi in za druge.<\/span><\/p><p><span style=\"color: #454545;\">Za la\u017ejo izvedbo nekaterih prireditev v vrtcu, se povezujemo tudi s posameznimi podjetji, ki nam pomagajo kot donatorji.<\/span><\/p><p><span style=\"color: #454545;\">V kraju sodelujemo z naslednjimi institucijami in posamezniki:<\/span><\/p><p><span style=\"color: #454545;\">Ob\u010dina Slovenske Konjice, TIC Slovenske Konjice, Lambrechtov dom, Slovenske Konjice, Javno komunalno podjetje, Slovenske Konjice,\u00a0 Foto Nareks, Slovenske Konjice, Osnovna \u0161ola b Dravinji in Osnovan \u0161ola Pod Goro, Slovenske Konjice,\u00a0 Gimnazija Slovenske Konjice, VDC Slovenske Konjice,\u2026.<\/span><\/p><p><span style=\"color: #454545;\">\u00a0Donatorji vrtca so naslednji:<\/span><\/p><p><span style=\"color: #454545;\">Oplast, Tepanje<\/span><\/p><p><span style=\"color: #454545;\">Trenkwalder Slovenija<\/span><\/p><p><span style=\"color: #454545;\">Vitapur, Slovenske Konjice<\/span><\/p><p><span style=\"color: #454545;\">Trgovine Spar, Tu\u0161, Mercator in Hofer<\/span><\/p><p><span style=\"color: #454545;\">Petrol<\/span><\/p>","_et_gb_content_width":"","ngg_post_thumbnail":0,"footnotes":""},"class_list":["post-1402","page","type-page","status-publish","hentry"],"_links":{"self":[{"href":"https:\/\/vrteckonjice.splet.arnes.si\/index.php?rest_route=\/wp\/v2\/pages\/1402","targetHints":{"allow":["GET"]}}],"collection":[{"href":"https:\/\/vrteckonjice.splet.arnes.si\/index.php?rest_route=\/wp\/v2\/pages"}],"about":[{"href":"https:\/\/vrteckonjice.splet.arnes.si\/index.php?rest_route=\/wp\/v2\/types\/page"}],"author":[{"embeddable":true,"href":"https:\/\/vrteckonjice.splet.arnes.si\/index.php?rest_route=\/wp\/v2\/users\/3129"}],"replies":[{"embeddable":true,"href":"https:\/\/vrteckonjice.splet.arnes.si\/index.php?rest_route=%2Fwp%2Fv2%2Fcomments&post=1402"}],"version-history":[{"count":3,"href":"https:\/\/vrteckonjice.splet.arnes.si\/index.php?rest_route=\/wp\/v2\/pages\/1402\/revisions"}],"predecessor-version":[{"id":11845,"href":"https:\/\/vrteckonjice.splet.arnes.si\/index.php?rest_route=\/wp\/v2\/pages\/1402\/revisions\/11845"}],"up":[{"embeddable":true,"href":"https:\/\/vrteckonjice.splet.arnes.si\/index.php?rest_route=\/wp\/v2\/pages\/875"}],"wp:attachment":[{"href":"https:\/\/vrteckonjice.splet.arnes.si\/index.php?rest_route=%2Fwp%2Fv2%2Fmedia&parent=1402"}],"curies":[{"name":"wp","href":"https:\/\/api.w.org\/{rel}","templated":true}]}}

<p>[et_pb_section fb_built=&#8221;1&#8243; custom_padding_last_edited=&#8221;on|desktop&#8221; admin_label=&#8221;section&#8221; _builder_version=&#8221;4.16&#8243; background_image=&#8221;http://vrteckonjice.splet.arnes.si/files/2016/12/5-688&#215;1024.jpg&#8221; custom_padding_tablet=&#8221;50px|0|50px|0&#8243; transparent_background=&#8221;off&#8221; padding_mobile=&#8221;off&#8221; make_fullwidth=&#8221;off&#8221; use_custom_width=&#8221;off&#8221; width_unit=&#8221;on&#8221; global_colors_info=&#8221;{}&#8221; custom_padding_phone=&#8221;50px|0|50px|0&#8243;][et_pb_row admin_label=&#8221;row&#8221; _builder_version=&#8221;4.16&#8243; background_size=&#8221;initial&#8221; background_position=&#8221;top_left&#8221; background_repeat=&#8221;repeat&#8221; global_colors_info=&#8221;{}&#8221;][et_pb_column type=&#8221;4_4&#8243; _builder_version=&#8221;4.16&#8243; custom_padding=&#8221;|||&#8221; global_colors_info=&#8221;{}&#8221; custom_padding__hover=&#8221;|||&#8221;][et_pb_toggle title=&#8221;MI IN OKOLJE&#8221; open=&#8221;on&#8221; open_toggle_text_color=&#8221;#474747&#8243; open_toggle_background_color=&#8221;rgba(255,255,255,0.82)&#8221; admin_label=&#8221;Toggle&#8221; _builder_version=&#8221;4.27.4&#8243; title_font_size=&#8221;21&#8243; body_font_size=&#8221;20&#8243; background_size=&#8221;initial&#8221; background_position=&#8221;top_left&#8221; background_repeat=&#8221;repeat&#8221; hover_enabled=&#8221;0&#8243; use_border_color=&#8221;off&#8221; border_color=&#8221;#ffffff&#8221; border_style=&#8221;solid&#8221; global_colors_info=&#8221;{}&#8221; sticky_enabled=&#8221;0&#8243;]</p>
<p><span style="color: #474747">Vrtec Slovenske Konjice se v svojem delovanju povezuje tudi z drugimi ustanovami in posamezniki v ožjem in širšem kraju. Zavedamo se, da s skupnim povezovanjem in dopolnjevanjem pripomoremo k boljši in kvalitetnejši izvedbi vzgojno izobraževalnega procesa. Smo vrtec, ki svoja vrata odpira in ne zapira pred drugimi in za druge.</span></p>
<p><span style="color: #474747">Za lažjo izvedbo nekaterih prireditev v vrtcu, se povezujemo tudi s posameznimi podjetji, ki nam pomagajo kot donatorji.</span></p>
<p><span style="color: #474747">V kraju sodelujemo z naslednjimi institucijami in posamezniki:</span></p>
<p><span style="color: #474747">Občina Slovenske Konjice, TIC Slovenske Konjice, Lambrechtov dom, Slovenske Konjice, Javno komunalno podjetje, Slovenske Konjice,&nbsp; Foto Nareks, Slovenske Konjice, Osnovna šola ob Dravinji in Osnovan šola Pod Goro, Slovenske Konjice,&nbsp; Gimnazija Slovenske Konjice, VDC Slovenske Konjice&#8230;</span></p>
<p><span style="color: #474747">&nbsp;Donatorji vrtca so naslednji:</span></p>
<p><span style="color: #474747">Oplast, Tepanje</span></p>
<p><span style="color: #474747">Trenkwalder Slovenija</span></p>
<p><span style="color: #474747">Vitapur, Slovenske Konjice</span></p>
<p><span style="color: #474747">Trgovine Spar, Tuš, Mercator in Hofer</span></p>
<p><span style="color: #474747">Petrol</span></p>
<p>[/et_pb_toggle][/et_pb_column][/et_pb_row][/et_pb_section]</p>

<p>Vrtec Slovenske Konjice se v svojem delovanju povezuje tudi z drugimi ustanovami in posamezniki v ožjem in širšem kraju. Zavedamo se, da s skupnim povezovanjem in dopolnjevanjem pripomoremo k boljši in kvalitetnejši izvedbi vzgojno izobraževalnega procesa. Smo vrtec, ki svoja vrata odpira in ne zapira pred drugimi in za druge. Za lažjo izvedbo nekaterih prireditev [&hellip;]</p>

<p><span style="color: #454545;">Vrtec Slovenske Konjice se v svojem delovanju povezuje tudi z drugimi ustanovami in posamezniki v ožjem in širšem kraju. Zavedamo se, da s skupnim povezovanjem in dopolnjevanjem pripomoremo k boljši in kvalitetnejši izvedbi vzgojno izobraževalnega procesa. Smo vrtec, ki svoja vrata odpira in ne zapira pred drugimi in za druge.</span></p><p><span style="color: #454545;">Za lažjo izvedbo nekaterih prireditev v vrtcu, se povezujemo tudi s posameznimi podjetji, ki nam pomagajo kot donatorji.</span></p><p><span style="color: #454545;">V kraju sodelujemo z naslednjimi institucijami in posamezniki:</span></p><p><span style="color: #454545;">Občina Slovenske Konjice, TIC Slovenske Konjice, Lambrechtov dom, Slovenske Konjice, Javno komunalno podjetje, Slovenske Konjice,  Foto Nareks, Slovenske Konjice, Osnovna šola b Dravinji in Osnovan šola Pod Goro, Slovenske Konjice,  Gimnazija Slovenske Konjice, VDC Slovenske Konjice,….</span></p><p><span style="color: #454545;"> Donatorji vrtca so naslednji:</span></p><p><span style="color: #454545;">Oplast, Tepanje</span></p><p><span style="color: #454545;">Trenkwalder Slovenija</span></p><p><span style="color: #454545;">Vitapur, Slovenske Konjice</span></p><p><span style="color: #454545;">Trgovine Spar, Tuš, Mercator in Hofer</span></p><p><span style="color: #454545;">Petrol</span></p>
