{"id":169,"date":"2016-08-12T09:40:44","date_gmt":"2016-08-12T07:40:44","guid":{"rendered":"http:\/\/vrteckonjice.splet.arnes.si\/?page_id=169"},"modified":"2025-12-09T12:10:23","modified_gmt":"2025-12-09T11:10:23","slug":"kontakt","status":"publish","type":"page","link":"https:\/\/vrteckonjice.splet.arnes.si\/?page_id=169","title":{"rendered":"kontakt"},"content":{"rendered":"<p>[et_pb_section fb_built=&#8221;1&#8243; custom_padding_last_edited=&#8221;on|desktop&#8221; admin_label=&#8221;section&#8221; _builder_version=&#8221;4.17.3&#8243; background_color=&#8221;rgba(255,255,255,0)&#8221; background_image=&#8221;https:\/\/vrteckonjice.splet.arnes.si\/files\/2022\/03\/o-DANDELION-facebookN-1920&#215;960-1.jpg&#8221; parallax=&#8221;on&#8221; parallax_method=&#8221;off&#8221; custom_padding_tablet=&#8221;50px|0|50px|0&#8243; custom_padding_phone=&#8221;&#8221; transparent_background=&#8221;on&#8221; padding_mobile=&#8221;off&#8221; global_colors_info=&#8221;{}&#8221;][et_pb_row admin_label=&#8221;row&#8221; _builder_version=&#8221;4.16&#8243; background_size=&#8221;initial&#8221; background_position=&#8221;top_left&#8221; background_repeat=&#8221;repeat&#8221; global_colors_info=&#8221;{}&#8221;][et_pb_column type=&#8221;4_4&#8243; _builder_version=&#8221;4.16&#8243; custom_padding=&#8221;|||&#8221; global_colors_info=&#8221;{}&#8221; custom_padding__hover=&#8221;|||&#8221;][et_pb_toggle open=&#8221;on&#8221; admin_label=&#8221;Toggle&#8221; _builder_version=&#8221;4.27.4&#8243; title_text_color=&#8221;#1c1c1c&#8221; body_text_color=&#8221;#000e3a&#8221; background_color=&#8221;rgba(255,255,255,0.88)&#8221; background_size=&#8221;initial&#8221; background_position=&#8221;top_left&#8221; background_repeat=&#8221;repeat&#8221; hover_enabled=&#8221;0&#8243; custom_css_toggle_content=&#8221; line-height: 0.8;&#8221; use_border_color=&#8221;off&#8221; border_color=&#8221;#ffffff&#8221; border_style=&#8221;solid&#8221; global_colors_info=&#8221;{}&#8221; sticky_enabled=&#8221;0&#8243;]<\/p>\n<p>Vrtec Slovenske Konjice<\/p>\n<p>Usnjarska cesta 12,<\/p>\n<p>3210 Slovenske Konjice<\/p>\n<p>Telefon: 03 757 28 70, 040 695 531<\/p>\n<p>e-po\u0161ta: info@vrtec-konjice.si<\/p>\n<p>spletna stran: www.vrtec-konjice.si<\/p>\n<p>&nbsp;<\/p>\n<p>RAVNATELJICA<\/p>\n<p>v.d. ravnateljice<\/p>\n<p>Simona \u017divec, uni. dipl. soc. ped.<\/p>\n<p>Telefon: 03 757 28 86 in 030 313 454<\/p>\n<p>simona.zivec@guest.arnes.si<\/p>\n<p>&nbsp;<\/p>\n<p>POMO\u010cNICI\u00a0 RAVNATELJA<\/p>\n<p>Zlatka Vetrih, dipl. vzg. pred. otrok<\/p>\n<p>Telefon: 03 575 41 10 in 030 313 453<\/p>\n<p>e-po\u0161ta: zlatka.vetrih@guest.arnes.si<\/p>\n<p>&nbsp;<\/p>\n<p>Aleksandra Stra\u0161nik, dipl. vzg. pred. otrok<\/p>\n<p>Telefon: 03 757 28 83 in 030 313 374<\/p>\n<p>e-po\u0161ta:\u00a0aleksandra.strasnik@guest.arnes.si<\/p>\n<p>&nbsp;<\/p>\n<p>SVETOVALNA SLU\u017dBA<\/p>\n<p>Monika Mar\u010dinkovi\u0107, univ. dipl. ped in vzg.<\/p>\n<p>Telefon: 030 640 052<\/p>\n<p>e-po\u0161ta:\u00a0\u00a0monika.marcinkovic@guest.arnes.si<\/p>\n<p>&nbsp;<\/p>\n<p>Vzgojiteljica za zgodnjo obravnavo<\/p>\n<p>Simona Turner, mag. prof. inklz. ped.<\/p>\n<p>Telefon: 040 369 096<\/p>\n<p>e-po\u0161ta: simona.turner1@guest.arnes.si<\/p>\n<p>&nbsp;<\/p>\n<p>ORGANIZATOR PREHRANE IN ZDRAVSTVENO HIGIENSKEGA RE\u017dIMA<\/p>\n<p>Matej Smre\u010dnik, dipl. san. in\u017e. (UN)<\/p>\n<p>Telefon: 030 642 731<\/p>\n<p>e \u2013 po\u0161ta:\u00a0 matej.smrecnik1@guest.arnes.si<\/p>\n<p>&nbsp;<\/p>\n<p>TAJNI\u0160TVO<\/p>\n<p>Ksenija Kotnik, tajnik VIZ VI.<\/p>\n<p>Telefon: 03 757 28 70<\/p>\n<p>E-po\u0161ta: ksenija.kotnik@guest.arnes.si<\/p>\n<p>&nbsp;<\/p>\n<p>RA\u010cUNOVODSTVO<\/p>\n<p>Tanja Egartner, ra\u010dunovodkinja<\/p>\n<p>E-po\u0161ta: tanja.egartner@guest.arnes.si<\/p>\n<p>&nbsp;<\/p>\n<p>Vlasta Prosenak, administrator<\/p>\n<p>E-po\u0161ta: vlasta.prosenak@guest.arnes.si<\/p>\n<p>&nbsp;<\/p>\n<p>Telefon: 03 757 28 81 in\u00a0030 313 450<\/p>\n<p>&nbsp;<\/p>\n<p>PLA\u010cILA VZGOJNIN<\/p>\n<p>Helena Sev\u0161ek, knjigovodja<\/p>\n<p>Telefon: 03 757 28 87<\/p>\n<p>E-po\u0161ta: helena.sevsek@guest.arnes.si<\/p>\n<p>&nbsp;<\/p>\n<p>ENOTA PREVRAT<\/p>\n<p>Usnjarska cesta 12,<\/p>\n<p>3210 Slovenske Konjice<\/p>\n<p>UPRAVA: Tel: 03 757 28 70<\/p>\n<p>E-po\u0161ta: info@vrtec-konjice.si<\/p>\n<p>&nbsp;<\/p>\n<p>PREVRAT 1:<\/p>\n<p>Telefon igralnice 1, 2, 3, 4:\u00a0 \u00a0030 313 386<\/p>\n<p>Telefon igralnice 5, 6, 7: 030 313 445<\/p>\n<p>&nbsp;<\/p>\n<p>PREVRAT 2:<\/p>\n<p>Telefon igralnice 8, 9, 10, 11: 030 313 447<\/p>\n<p>Telefon igralnice 12, 13, 14: 030 313 385<\/p>\n<p>Poslovni \u010das vrtca: 5.30 &#8211; 16.30<\/p>\n<p>&nbsp;<\/p>\n<p>ENOTA TATENBAHOVA<\/p>\n<p>Tatenbahova ulica 5,<\/p>\n<p>3210 Slovenske Konjice<\/p>\n<p>Telefon (vhod 1): 030 313 455<\/p>\n<p>Telefon (vhod 2): 030 313 392<\/p>\n<p>Poslovni \u010das vrtca: 5.30 &#8211; 16.00<\/p>\n<p>&nbsp;<\/p>\n<p>ENOTA TEPANJE<\/p>\n<p>Tepanje 27<\/p>\n<p>3210 Slovenske Konjice<\/p>\n<p>Telefon: 030 313 448 in\u00a0030 640 051<\/p>\n<p>Poslovni \u010das vrtca: 5.30 &#8211; 16.00<\/p>\n<p>&nbsp;<\/p>\n<p>ENOTA\u00a0LO\u010cE<\/p>\n<p>\u0160olska ulica 2<\/p>\n<p>3215\u00a0Lo\u010de<\/p>\n<p>Telefon pritli\u010dje: 030 313 387<\/p>\n<p>Telefon nadstropje: 030 716 739<\/p>\n<p>Poslovni \u010das vrtca: 5.30 &#8211; 16.00<\/p>\n<p>&nbsp;<\/p>\n<p>DISLOCIRAN ODDELEK V KS \u017dI\u010cE<\/p>\n<p>\u017di\u010de 14<\/p>\n<p>3215 Lo\u010de<\/p>\n<p>Telefon (O\u0160 \u017di\u010de): 03 576 40 36<\/p>\n<p>Mobitel:\u00a0030 313 452<\/p>\n<p>Poslovni \u010das vrtca: 6.00 &#8211; 15.30<\/p>\n<p>&nbsp;<\/p>\n<p>DISLOCIRAN ODDELEK V KS \u0160PITALI\u010c<\/p>\n<p>\u0160pitali\u010d 2<\/p>\n<p>3215 Lo\u010de<\/p>\n<p>Telefon (O\u0160 \u0160pitali\u010d): 03 757 29 79<\/p>\n<p>Poslovni \u010das vrtca: 6.30 &#8211; 15.30<\/p>\n<p>&nbsp;<\/p>\n<p>DISLOCIRAN ODDELEK V KS ZBELOVO<\/p>\n<p>Gasilski dom Zbelovo, Zbelovo 7\/a<\/p>\n<p>3215 Lo\u010de<\/p>\n<p>Mobitel: 030 313 394<\/p>\n<p>Poslovni \u010das vrtca: 6.00 &#8211; 15.30<\/p>\n<p>&nbsp;<\/p>\n<p>DISLOCIRAN ODDELEK V KS JERNEJ<\/p>\n<p>Sv. Jernej 40<\/p>\n<p>3215 Lo\u010de<\/p>\n<p>Telefon (O\u0160 Jernej): 03 576 40 37<\/p>\n<p>Mobitel: 030 313 389<\/p>\n<p>Poslovni \u010das vrtca: 5.30 &#8211; 15.30<\/p>\n<p>[\/et_pb_toggle][\/et_pb_column][\/et_pb_row][\/et_pb_section]<\/p>\n","protected":false},"excerpt":{"rendered":"<p>Vrtec Slovenske Konjice Usnjarska cesta 12, 3210 Slovenske Konjice Telefon: 03 757 28 70, 040 695 531 e-po\u0161ta: info@vrtec-konjice.si spletna stran: www.vrtec-konjice.si &nbsp; RAVNATELJICA v.d. ravnateljice Simona \u017divec, uni. dipl. soc. ped. Telefon: 03 757 28 86 in 030 313 454 simona.zivec@guest.arnes.si &nbsp; POMO\u010cNICI\u00a0 RAVNATELJA Zlatka Vetrih, dipl. vzg. pred. otrok Telefon: 03 575 41 [&hellip;]<\/p>\n","protected":false},"author":3129,"featured_media":0,"parent":0,"menu_order":0,"comment_status":"closed","ping_status":"open","template":"","meta":{"_et_pb_use_builder":"on","_et_pb_old_content":"<p><strong><u>UPRAVA VRTCA SLOVENSKE KONJICE<\/u><\/strong><br \/> Slom\u0161kova 1<br \/> 3210 Slovenske Konjice<br \/> Telefon: 03 757 28 70<br \/> Faks: 03 757 28 89<br \/> Elektronski naslov: info@vrtec-konjice.si<\/p><p>\u00a0<\/p><p><strong><u>RAVNATELJ<\/u><\/strong><br \/> Toma\u017e Popovi\u0107, dipl. vzg.<br \/> Telefon: 03 757 28 86<br \/> Mobitel: 030 313 454<br \/> E-po\u0161ta: tomaz.popovic@guest.arnes.si<\/p><p>\u00a0<\/p><p><strong><u>POMO\u010cNICA RAVNATELJA<\/u><\/strong><br \/> Ksenija Jerman Skrbinek, dipl. vzg.<br \/> Telefon: 030 313 453<br \/> ksenija.jerman@guest.arnes.si<\/p><p>\u00a0<\/p><p><strong><u>SVETOVALNA DELAVKA<\/u><\/strong><br \/> Simona \u017divec, univ. dipl. soc. ped.<br \/> Telefon: 03 620 26 71<br \/> Mobitel: 030 313 374<br \/> E-po\u0161ta: simona.zivec@guest.arnes.si<\/p><p>\u00a0<\/p><p><strong><u>ORGANIZATORKA PREHRANE IN ZDRAVSTVENO HIGIENSKEGA RE\u017dIMA<\/u><\/strong><br \/> Doroteja Purkeljc, prof. biologije in gospodinjstva<br \/> Telefon: 030 642 731<br \/> E-po\u0161ta: doroteja.purkeljc@guest.arnes.si<\/p><p>\u00a0<\/p><p><strong><u>TAJNI\u0160TVO<\/u><\/strong><br \/> Ksenija Kotnik, poslovni sekretar<br \/> Vlasta Prosenak<br \/> Telefon: 03 757 28 70<br \/> E-po\u0161ta: ksenija.kotnik@guest.arnes.si<\/p><p>\u00a0<\/p><p><strong><u>RA\u010cUNOVODSTVO<\/u><\/strong><br \/> Tanja Egartner, ra\u010dunovodkinja<br \/> Telefon: 03 757 28 81<br \/> Mobitel: 030 313 450<br \/> E-po\u0161ta: tanja.egartner@guest.arnes.si<\/p><p>\u00a0<\/p><p><strong><u>PLA\u010cILA STAR\u0160EV<\/u><\/strong><br \/> Helena Sev\u0161ek<br \/> Telefon: 03 757 28 87<br \/> E-po\u0161ta: helena.sevsek@guest.arnes.si<\/p><p>\u00a0<\/p><p><strong><u>VZDR\u017dEVANJE<\/u><\/strong><br \/> Gregor Kos, Darko Repnik<br \/> Mobitel: 030 313 451<\/p><p>\u00a0<\/p><p><strong><u>ENOTA SLOM\u0160KOVA<\/u><\/strong><br \/> Slom\u0161kova 1<br \/> 3210 Slovenske Konjice<br \/> Telefon (Kos, Koren, Bezen\u0161ek): 03 757 28 84<br \/> Mobitel (Koren): 030 313 447<br \/> Telefon (Vetrih, Grubelnik, Golob): 03 757 28 85<br \/> Mobitel (Vetrih): 030 313 445<br \/> E-po\u0161ta: vrtec.slomskova@guest.arnes.si<\/p><p>\u00a0<\/p><p><strong><u>ENOTA TATENBAHOVA<\/u><\/strong><br \/> Tatenbahova ulica 5<br \/> 3210 Slovenske Konjice<br \/> Telefon (Bre\u010dko, Juhart, Novak): 03 758 07 42<br \/> Mobitel (Bre\u010dko): 030 313 455<br \/> Telefon (Kerovec Koro\u0161ec, Habjan, Hajd): 03 758 07 43<br \/> Mobitel (Hajd): 030 313 392<br \/> E-po\u0161ta: vrtec.tatenbachova@guest.arnes.si<\/p><p>\u00a0<\/p><p><strong><u>ENOTA PREVRAT<\/u><\/strong><br \/> Usnjarska 12<br \/> 3210 Slovenske Konjice<br \/> Telefon: 575 41 10<br \/> Mobitel (Kolar): 030 313 386<br \/> Mobitel (Rebernak): 030 313 385<br \/> E-po\u0161ta: vrtec.prevrat@guest.arnes.si<\/p><p>\u00a0<\/p><p><strong><u>ENOTA TEPANJE<\/u><\/strong><br \/> Tepanje 27<br \/> 3210 Slovenske Konjice<br \/> Telefon: 03 620 26 70<br \/> Faks: 03 620 26 70<br \/> Mobitel (Re\u010dnik): 030 313 448<br \/> E-po\u0161ta: vrtec.tepanje@guest.arnes.si<\/p><p>\u00a0<\/p><p><strong><u>ENOTA LO\u010cE<\/u><\/strong><br \/> \u0160olska ulica 2<br \/> 3215 Lo\u010de<br \/> Telefon: 03 576 31 25<br \/> Telefon (oddelek v ZD): 030 640 052<br \/> Mobitel (Lipovec): 030 313 387<br \/> E-po\u0161ta: vrtec.loce@guest.arnes.si<\/p><p>\u00a0<\/p><p><strong><u>DISLOCIRAN ODDELEK V KS \u017dI\u010cE<\/u><\/strong><br \/> \u017di\u010de 14<br \/> 3215 Lo\u010de<br \/> Telefon (O\u0160 \u017di\u010de): 03 576 40 36<br \/> Mobitel (Mikoli\u010d): 030 313 452<br \/> E-po\u0161ta: vrtec.zice@guest.arnes.si<\/p><p>\u00a0<\/p><p><strong><u>DISLOCIRAN ODDELEK V KS \u0160PITALI\u010c<\/u><\/strong><br \/> \u0160pitali\u010d 2<br \/> 3215 Lo\u010de<br \/> Telefon (O\u0160 \u0160pitali\u010d): 03 576 31 33<br \/> E-po\u0161ta: vrtec.spitalic@guest.arnes.si<\/p><p>\u00a0<\/p><p><strong><u>DISLOCIRAN ODDELEK V KS ZBELOVO<\/u><\/strong><br \/> Gasilski dom Zbelovo<br \/> 3215 Lo\u010de<br \/> Mobitel (Solina): 030 313 394<br \/> E-po\u0161ta: vrtec.zbelovo@guest.arnes.si<\/p><p>\u00a0<\/p><p><strong><u>DISLOCIRAN ODDELEK V KS JERNEJ<\/u><\/strong><br \/> Sv. Jernej 40<br \/> 3215 Lo\u010de<br \/> Telefon (O\u0160 Jernej): 03 576 40 37<br \/> Mobitel (Stra\u0161nik): 030 313 389<br \/> E-po\u0161ta: vrtec.jernej@guest.arnes.si<\/p><p>\u00a0<\/p><p>\u00a0<\/p><p>[button link=\"http:\/\/vrteckonjice.splet.arnes.si\" color=\"green\"] GUMB DOMA\u010cA STRAN[\/button]<\/p>","_et_gb_content_width":"","ngg_post_thumbnail":0,"footnotes":""},"class_list":["post-169","page","type-page","status-publish","hentry"],"_links":{"self":[{"href":"https:\/\/vrteckonjice.splet.arnes.si\/index.php?rest_route=\/wp\/v2\/pages\/169","targetHints":{"allow":["GET"]}}],"collection":[{"href":"https:\/\/vrteckonjice.splet.arnes.si\/index.php?rest_route=\/wp\/v2\/pages"}],"about":[{"href":"https:\/\/vrteckonjice.splet.arnes.si\/index.php?rest_route=\/wp\/v2\/types\/page"}],"author":[{"embeddable":true,"href":"https:\/\/vrteckonjice.splet.arnes.si\/index.php?rest_route=\/wp\/v2\/users\/3129"}],"replies":[{"embeddable":true,"href":"https:\/\/vrteckonjice.splet.arnes.si\/index.php?rest_route=%2Fwp%2Fv2%2Fcomments&post=169"}],"version-history":[{"count":14,"href":"https:\/\/vrteckonjice.splet.arnes.si\/index.php?rest_route=\/wp\/v2\/pages\/169\/revisions"}],"predecessor-version":[{"id":11958,"href":"https:\/\/vrteckonjice.splet.arnes.si\/index.php?rest_route=\/wp\/v2\/pages\/169\/revisions\/11958"}],"wp:attachment":[{"href":"https:\/\/vrteckonjice.splet.arnes.si\/index.php?rest_route=%2Fwp%2Fv2%2Fmedia&parent=169"}],"curies":[{"name":"wp","href":"https:\/\/api.w.org\/{rel}","templated":true}]}}