{"id":829,"date":"2016-09-07T10:40:42","date_gmt":"2016-09-07T08:40:42","guid":{"rendered":"http:\/\/vrteckonjice.splet.arnes.si\/?page_id=829"},"modified":"2025-11-03T21:55:49","modified_gmt":"2025-11-03T20:55:49","slug":"program-dela","status":"publish","type":"page","link":"https:\/\/vrteckonjice.splet.arnes.si\/?page_id=829","title":{"rendered":"4program dela"},"content":{"rendered":"<p>[et_pb_section fb_built=&#8221;1&#8243; custom_padding_last_edited=&#8221;on|desktop&#8221; admin_label=&#8221;section&#8221; _builder_version=&#8221;4.27.4&#8243; background_color=&#8221;rgba(255,255,255,0)&#8221; background_image=&#8221;https:\/\/vrteckonjice.splet.arnes.si\/files\/2022\/03\/o-DANDELION-facebookN-1920&#215;960-1.jpg&#8221; parallax=&#8221;on&#8221; parallax_method=&#8221;off&#8221; custom_padding_tablet=&#8221;50px|0|50px|0&#8243; custom_padding_phone=&#8221;&#8221; hover_enabled=&#8221;0&#8243; transparent_background=&#8221;on&#8221; padding_mobile=&#8221;off&#8221; make_fullwidth=&#8221;off&#8221; use_custom_width=&#8221;off&#8221; width_unit=&#8221;on&#8221; global_colors_info=&#8221;{}&#8221; title_text=&#8221;o-DANDELION-facebookN-1920&#215;960&#8243; sticky_enabled=&#8221;0&#8243;][et_pb_row padding_mobile=&#8221;off&#8221; column_padding_mobile=&#8221;on&#8221; admin_label=&#8221;row&#8221; _builder_version=&#8221;4.16&#8243; parallax=&#8221;on&#8221; parallax_method=&#8221;off&#8221; make_fullwidth=&#8221;off&#8221; use_custom_width=&#8221;off&#8221; width_unit=&#8221;on&#8221; global_colors_info=&#8221;{}&#8221;][et_pb_column type=&#8221;4_4&#8243; _builder_version=&#8221;4.16&#8243; background_color=&#8221;#ffffff&#8221; custom_padding=&#8221;|||&#8221; global_colors_info=&#8221;{}&#8221; custom_padding__hover=&#8221;|||&#8221;][et_pb_toggle title=&#8221;Program dela vrtca in prednostno nalogo vsako leto dolo\u010dimo z Letnim delovnim na\u010drtom.&#8221; open=&#8221;on&#8221; open_toggle_text_color=&#8221;#494949&#8243; open_toggle_background_color=&#8221;rgba(255,255,255,0.82)&#8221; admin_label=&#8221;Toggle&#8221; _builder_version=&#8221;4.27.4&#8243; title_text_color=&#8221;#474747&#8243; title_font_size=&#8221;21&#8243; background_color=&#8221;rgba(255,255,255,0)&#8221; background_size=&#8221;initial&#8221; background_position=&#8221;top_left&#8221; background_repeat=&#8221;repeat&#8221; hover_enabled=&#8221;0&#8243; use_border_color=&#8221;off&#8221; border_color=&#8221;#ffffff&#8221; border_style=&#8221;solid&#8221; global_colors_info=&#8221;{}&#8221; sticky_enabled=&#8221;0&#8243;]<\/p>\n<p><a href=\"https:\/\/vrteckonjice.splet.arnes.si\/files\/2025\/11\/LDN-25-26.pdf\" rel=\"attachment wp-att-11932\"><span style=\"color: #0000ff\">LDN 25-26<\/span><\/a><\/p>\n<p>[\/et_pb_toggle][et_pb_divider show_divider=&#8221;off&#8221; disabled_on=&#8221;on|on|off&#8221; admin_label=&#8221;Divider&#8221; _builder_version=&#8221;4.27.4&#8243; height=&#8221;500px&#8221; hover_enabled=&#8221;0&#8243; hide_on_mobile=&#8221;on&#8221; global_colors_info=&#8221;{}&#8221; sticky_enabled=&#8221;0&#8243;][\/et_pb_divider][\/et_pb_column][\/et_pb_row][\/et_pb_section]<\/p>\n","protected":false},"excerpt":{"rendered":"<p>LDN 25-26<\/p>\n","protected":false},"author":3129,"featured_media":0,"parent":1349,"menu_order":0,"comment_status":"closed","ping_status":"open","template":"","meta":{"_et_pb_use_builder":"on","_et_pb_old_content":"<h1>Program dela<\/h1><p>V Vrtcu Slovenske Konjice izvajamo dnevni in poldnevni program vzgoje in varstva. Dnevni program se izvaja 9 ur dnevno v okviru poslovnega \u010dasa, poldnevi program pa 4 do 6 ur, s kosilom. Programi so namenjeni otrokom prvega in drugega starostnega obdobja. V poldnevni program so lahko vklju\u010deni otroci drugega starostnega obdobja in otroci kombiniranih oddelkov. Otroci s posebnimi potrebami so vklju\u010deni v redni program vrtca s prilagojenim izvajanjem in z dodatno strokovno pomo\u010djo.\u00a0V okviru dnevnega programa ne izvajamo dodatnih dejavnosti. Po kon\u010danem poslovnem \u010dasu jih izvajajo zunanji izvajalci v obliki te\u010dajev. Star\u0161i jih dodatno pla\u010dajo.\u00a0Popoldansko varstvo organiziramo v enoti vrtca Prevrat, \u010de je vpisanih otrok vsaj za polovico kombiniranega oddelka.<\/p><p>Osnovna dokumenta za delo sta Zakon o vrtcih in Kurikulum za vrtce.\u00a0Na\u010drtovanje strokovnega dela temelji na Letnem delovnem na\u010drtu Vrtca Slovenske Konjice, posameznih enot vrtca in oddelkov.<\/p>","_et_gb_content_width":"","ngg_post_thumbnail":0,"footnotes":""},"class_list":["post-829","page","type-page","status-publish","hentry"],"_links":{"self":[{"href":"https:\/\/vrteckonjice.splet.arnes.si\/index.php?rest_route=\/wp\/v2\/pages\/829","targetHints":{"allow":["GET"]}}],"collection":[{"href":"https:\/\/vrteckonjice.splet.arnes.si\/index.php?rest_route=\/wp\/v2\/pages"}],"about":[{"href":"https:\/\/vrteckonjice.splet.arnes.si\/index.php?rest_route=\/wp\/v2\/types\/page"}],"author":[{"embeddable":true,"href":"https:\/\/vrteckonjice.splet.arnes.si\/index.php?rest_route=\/wp\/v2\/users\/3129"}],"replies":[{"embeddable":true,"href":"https:\/\/vrteckonjice.splet.arnes.si\/index.php?rest_route=%2Fwp%2Fv2%2Fcomments&post=829"}],"version-history":[{"count":14,"href":"https:\/\/vrteckonjice.splet.arnes.si\/index.php?rest_route=\/wp\/v2\/pages\/829\/revisions"}],"predecessor-version":[{"id":11933,"href":"https:\/\/vrteckonjice.splet.arnes.si\/index.php?rest_route=\/wp\/v2\/pages\/829\/revisions\/11933"}],"up":[{"embeddable":true,"href":"https:\/\/vrteckonjice.splet.arnes.si\/index.php?rest_route=\/wp\/v2\/pages\/1349"}],"wp:attachment":[{"href":"https:\/\/vrteckonjice.splet.arnes.si\/index.php?rest_route=%2Fwp%2Fv2%2Fmedia&parent=829"}],"curies":[{"name":"wp","href":"https:\/\/api.w.org\/{rel}","templated":true}]}}

<p>[et_pb_section fb_built=&#8221;1&#8243; custom_padding_last_edited=&#8221;on|desktop&#8221; admin_label=&#8221;section&#8221; _builder_version=&#8221;4.27.4&#8243; background_color=&#8221;rgba(255,255,255,0)&#8221; background_image=&#8221;https://vrteckonjice.splet.arnes.si/files/2022/03/o-DANDELION-facebookN-1920&#215;960-1.jpg&#8221; parallax=&#8221;on&#8221; parallax_method=&#8221;off&#8221; custom_padding_tablet=&#8221;50px|0|50px|0&#8243; custom_padding_phone=&#8221;&#8221; hover_enabled=&#8221;0&#8243; transparent_background=&#8221;on&#8221; padding_mobile=&#8221;off&#8221; make_fullwidth=&#8221;off&#8221; use_custom_width=&#8221;off&#8221; width_unit=&#8221;on&#8221; global_colors_info=&#8221;{}&#8221; title_text=&#8221;o-DANDELION-facebookN-1920&#215;960&#8243; sticky_enabled=&#8221;0&#8243;][et_pb_row padding_mobile=&#8221;off&#8221; column_padding_mobile=&#8221;on&#8221; admin_label=&#8221;row&#8221; _builder_version=&#8221;4.16&#8243; parallax=&#8221;on&#8221; parallax_method=&#8221;off&#8221; make_fullwidth=&#8221;off&#8221; use_custom_width=&#8221;off&#8221; width_unit=&#8221;on&#8221; global_colors_info=&#8221;{}&#8221;][et_pb_column type=&#8221;4_4&#8243; _builder_version=&#8221;4.16&#8243; background_color=&#8221;#ffffff&#8221; custom_padding=&#8221;|||&#8221; global_colors_info=&#8221;{}&#8221; custom_padding__hover=&#8221;|||&#8221;][et_pb_toggle title=&#8221;Program dela vrtca in prednostno nalogo vsako leto določimo z Letnim delovnim načrtom.&#8221; open=&#8221;on&#8221; open_toggle_text_color=&#8221;#494949&#8243; open_toggle_background_color=&#8221;rgba(255,255,255,0.82)&#8221; admin_label=&#8221;Toggle&#8221; _builder_version=&#8221;4.27.4&#8243; title_text_color=&#8221;#474747&#8243; title_font_size=&#8221;21&#8243; background_color=&#8221;rgba(255,255,255,0)&#8221; background_size=&#8221;initial&#8221; background_position=&#8221;top_left&#8221; background_repeat=&#8221;repeat&#8221; hover_enabled=&#8221;0&#8243; use_border_color=&#8221;off&#8221; border_color=&#8221;#ffffff&#8221; border_style=&#8221;solid&#8221; global_colors_info=&#8221;{}&#8221; sticky_enabled=&#8221;0&#8243;]</p>
<p><a href="https://vrteckonjice.splet.arnes.si/files/2025/11/LDN-25-26.pdf" rel="attachment wp-att-11932"><span style="color: #0000ff">LDN 25-26</span></a></p>
<p>[/et_pb_toggle][et_pb_divider show_divider=&#8221;off&#8221; disabled_on=&#8221;on|on|off&#8221; admin_label=&#8221;Divider&#8221; _builder_version=&#8221;4.27.4&#8243; height=&#8221;500px&#8221; hover_enabled=&#8221;0&#8243; hide_on_mobile=&#8221;on&#8221; global_colors_info=&#8221;{}&#8221; sticky_enabled=&#8221;0&#8243;][/et_pb_divider][/et_pb_column][/et_pb_row][/et_pb_section]</p>

<h1>Program dela</h1><p>V Vrtcu Slovenske Konjice izvajamo dnevni in poldnevni program vzgoje in varstva. Dnevni program se izvaja 9 ur dnevno v okviru poslovnega časa, poldnevi program pa 4 do 6 ur, s kosilom. Programi so namenjeni otrokom prvega in drugega starostnega obdobja. V poldnevni program so lahko vključeni otroci drugega starostnega obdobja in otroci kombiniranih oddelkov. Otroci s posebnimi potrebami so vključeni v redni program vrtca s prilagojenim izvajanjem in z dodatno strokovno pomočjo. V okviru dnevnega programa ne izvajamo dodatnih dejavnosti. Po končanem poslovnem času jih izvajajo zunanji izvajalci v obliki tečajev. Starši jih dodatno plačajo. Popoldansko varstvo organiziramo v enoti vrtca Prevrat, če je vpisanih otrok vsaj za polovico kombiniranega oddelka.</p><p>Osnovna dokumenta za delo sta Zakon o vrtcih in Kurikulum za vrtce. Načrtovanje strokovnega dela temelji na Letnem delovnem načrtu Vrtca Slovenske Konjice, posameznih enot vrtca in oddelkov.</p>
